What is d(-5)?
4
Let i(w) = -3*w**2 + 7*w - 3. Let l(x) = -x**2 + 6*x - 2. Let a(g) = 4*i(g) - 5*l(g). Give a(-2).
-26
Let h(o) = 3*o**2 + 10. Let q(b) = -4*b**2 - 10. Let y(v) = -3*h(v) - 2*q(v). Determine y(0).
-10
Let o = -309 - -307. Let m(t) = -t**3 - t**2 - 3*t - 1. What is m(o)?
9
Let n(h) be the second derivative of 0 + 1/120*h**5 + 0*h**4 - 1/180*h**6 + 0*h**2 + 2*h + 7/6*h**3. Let t(d) be the second derivative of n(d). What is t(2)?
-6
Let g = 65 - 29. Let w = g - 29. Let r(d) = d - 5. Calculate r(w).
2
Let s(u) = -u**3 - 7*u**2 + 13*u + 2. Let k(b) = 2*b**3 + 21*b**2 - 26*b - 5. Let f(a) = -2*k(a) - 5*s(a). Give f(9).
45
Let y(v) = v**3 + 7*v**2 + 4*v - 3. Let i be (-2)/(-8) + (-91)/28. Let o be (0 - 0) + (-9 - i). Give y(o).
9
Let g(d) = -12*d + 4. Suppose 4*p + 12 = 4*h, 5*p = -2*h + 10*p + 9. Give g(h).
-20
Let r(b) be the third derivative of b**5/30 + b**4/12 + 17*b**3/6 + 16*b**2. Let l(y) be the first derivative of r(y). Give l(-5).
-18
Let d(v) = v**2 - 37*v - 39. Let n be d(38). Let j(r) = 12*r**2 + r. Determine j(n).
11
Let r(i) = 33*i - 18. Let d(t) = 15*t - 8. Let s(m) = 13*d(m) - 6*r(m). Let c be -4*3/(-6) - -1. Calculate s(c).
-5
Let t(l) = -3*l + 38. Let u be t(15). Let k(j) = j - 2. What is k(u)?
-9
Let r(z) be the second derivative of -z**8/6720 + z**7/360 - z**6/90 + 7*z**5/120 - 7*z**4/12 - z. Let h(c) be the third derivative of r(c). What is h(6)?
-5
Let f(j) = -j - 5. Suppose -6*l + l = 0. Suppose m = -l*m - 5*q - 29, 5*q + 25 = 0. Give f(m).
-1
Let x = -21 + 24. Let p(m) = -4 + 4*m - 9*m**2 + 3*m + m**x - 4. Give p(8).
-16
Let u = 6 + -3. Let z(r) = 7 + 3*r**2 - 19 - r**u + 11 - 2*r. Calculate z(2).
-1
Let c(u) = 18 - 3 + 3*u - 6*u + u. What is c(11)?
-7
Let u be (-46)/(-12) + (-13)/(-78). Suppose -2*q = -3*g - 7, q = 4*g + u - 3. Let y(o) = 4*o**3 - o**2 + o. What is y(g)?
4
Let w(m) = -13*m + 2. Let o be ((-2)/(-6))/(1 + (-88)/96). What is w(o)?
-50
Let g(s) = -s**2 - 18*s - 4. Let m(t) = -3*t**2 - 39*t - 10. Let x(k) = 5*g(k) - 2*m(k). Calculate x(10).
-20
Let s = -63 - -62. Let p(w) = -2*w - 4. Let b(o) = -5*o + 5. Let u(y) = 9*y - 9. Let n(z) = 11*b(z) + 6*u(z). Let g(a) = s*p(a) - 5*n(a). What is g(1)?
6
Let w(f) = -7*f**2 + 9*f - 10. Let s(k) = -8*k**2 + 10*k - 11. Let i(n) = -6*s(n) + 7*w(n). Determine i(4).
-8
Suppose 99*t + 15 = 94*t. Suppose -4*x + 9*x = 15. Let d(g) = 0*g + x*g - 4*g. Give d(t).
3
Let j(f) = 25*f - 971. Let i be j(39). Let s(b) = b**2 + 5*b - 9. What is s(i)?
27
Suppose 14*j - 11*j - 4*j = 0. Let u be j/(0 - 2/(-2)). Let m(v) = v**2 + 4. Calculate m(u).
4
Let z(a) = a**2 + 10*a - 8. Let m = -306 + 296. Calculate z(m).
-8
Let b(n) be the third derivative of -n**6/120 - n**5/60 + n**4/24 + 26*n**3/3 - 97*n**2 - 2*n. Give b(0).
52
Let f(c) = c - 7. Suppose -m - 48 = -2*m - 2*t, 3*t = 6. Let v = m - 49. Calculate f(v).
-12
Suppose 72 = 3*g - 3*u, -2*g = -3*g + 4*u + 36. Let s = 26 - g. Let w(m) be the second derivative of m**3/6 - 2*m**2 - m. Give w(s).
2
Let k(u) = -10*u**3 + 2*u**2 + 2*u + 1. Let j be 7/((-21)/(-2))*9. Suppose c - 4*c + j = 0. Suppose -8 = -2*i, c*y = -y + 2*i - 11. Give k(y).
11
Let v(j) = -2*j + 3. Let g be (-2 - -1) + 130/(-13). What is v(g)?
25
Let b(g) = 0 + 3 - 2 + 4*g - 3*g. Let d(u) = -6*u - 3. Let z(r) = 5*b(r) + d(r). Let k be -6 - -1*(-8 - -17). Determine z(k).
-1
Let d(a) be the first derivative of -13*a + 7/2*a**2 + 12 - 8/3*a**3 - 1/4*a**4. What is d(-9)?
5
Let i(a) = 16*a - 20. Let z be i(2). Suppose s - c + 7 = -4*c, -s - 4*c - z = 0. Let n(t) = t**2 - 5*t - 8. Determine n(s).
16
Let r(z) be the first derivative of -z**6/120 - z**5/10 - z**3/3 + 9*z**2/2 + 6. Let d(q) be the second derivative of r(q). Determine d(-6).
-2
Suppose -2*g + 19 = 29. Let s(u) = 3*u - 2*u**2 + 4*u**2 - 3 - u**2. Give s(g).
7
Let r(f) be the second derivative of -5*f**4/12 - f**3/6 + f**2 - 24*f. Let g be r(1). Let n(c) = -4*c - c**2 - 1 - 1 + 4. Calculate n(g).
2
Let k(z) = -2*z**2 - 4*z + 18. Let n(x) = x. Let f(t) = -k(t) - 12*n(t). Let m(q) be the first derivative of f(q). Give m(6).
16
Suppose 25*s + 145 = -55. Let j(q) = q**2 + 6*q - 17. Determine j(s).
-1
Let r(s) be the second derivative of s**4/12 - s**3/2 - s**2 + 6*s. Let a be (-25)/(-1)*6/(-15). Let f = 13 + a. What is r(f)?
-2
Let c(g) be the first derivative of 2 + 1/3*g**3 + 3*g + 2*g**2. Calculate c(-2).
-1
Let a(c) = 2*c**2 + 9*c + 9. Suppose 2*g + 5*y = 5, -12*g + 4*g = 4*y + 28. Give a(g).
14
Let b = 1 - -1. Let p(i) be the second derivative of 0 + 10*i + i**2 - 1/6*i**3. Calculate p(b).
0
Let m(f) = -f - 4. Let y(c) = -3. Let l(u) = -u + 12. Let b(t) = -3*l(t) - 15*y(t). Let v be (15/(-6))/(9/18). Let d(a) = v*m(a) - 2*b(a). Calculate d(2).
0
Let q(r) = r**2 + 8*r. Suppose -4*y = -3*y. Let w be (3 + y)*300/36. Suppose w + 15 = -5*n. What is q(n)?
0
Let k(x) = 2*x - 1. Suppose -b = i - 2*b - 4, 0 = 5*i + 3*b - 60. Suppose 0 = g + 2*g - i. Suppose -y - 3 = -g*a, 2*a - 4*y = -0*y - 8. Determine k(a).
3
Let s(b) = -17*b**3 + 3*b**3 + 6*b**3 + 4*b**2 + 5*b**3 - 2*b. Let p(u) = -u**2 - 3*u + 6. Let d be p(-5). Let z be 1*3*d/(-6). Calculate s(z).
-12
Let t be 279/(-36) + 8 - (-23)/4. Suppose 0 = 2*f + 2. Let m be t/f*(-4 - -5). Let v(s) = -s**3 - 6*s**2 + s + 7. Calculate v(m).
1
Let w be 6/4 + 453/6. Let g be (-63)/w + 2/(-11). Let n(q) = -14*q - 2. Let s(y) = y + 1. Let x(a) = -n(a) - s(a). What is x(g)?
-12
Let d(o) be the first derivative of -o**2/2 + 8*o - 33. Let w be (-4)/2*11/(-22)*10. Determine d(w).
-2
Let x(d) = -3 - 7*d + 4 + 6*d - 2. Let w(t) = -7*t**3 + t**2 - t - 2. Let n(y) = w(y) - x(y). Suppose 2*u = 11*u - 9. What is n(u)?
-7
Let z = -91 + 94. Let k(m) = 5*m**2 - 4*m + 2. Give k(z).
35
Let o(n) = 35*n - 60. Let x be o(2). Let t(q) = -q**2 + 8*q + 14. Calculate t(x).
-6
Let m(n) = -28*n**2 - 143*n - 16. Let j be m(-5). Let k(r) = 9*r**3 - r. What is k(j)?
-8
Let v = 59 + 5. Let k = v + -60. Let r(a) = -a**3 + 3*a**2 + 5*a + 1. Give r(k).
5
Let c(b) = 0*b**2 - 2*b**3 - 4 + 3*b**2 + 7*b**2 + 6*b. Let y(n) = 3*n**3 - 11*n**2 - 6*n + 5. Suppose 3*a = -8 + 20. Let k(q) = a*c(q) + 3*y(q). What is k(-6)?
-1
Let l(w) = -3*w**2 - w**3 - 4*w**2 - 7 + 3*w + 11 + w**2. Let g(v) = v. Let a(m) = -2*g(m) + l(m). What is a(-6)?
-2
Let q be (-5)/25 + 93/15. Let l be (-5)/(5/q)*1. Let d be 2/l + (-1)/(-3). Let a(r) = -r**2 + r + 15. Determine a(d).
15
Let u be 3/2 - 33/(-6). Let j(n) = -7*n - 5*n**2 + 6*n**2 + 0*n**2 + 3. Determine j(u).
3
Let l(f) = 4 + 0*f**2 - f**2 - 1 + 118*f - 116*f. Determine l(-1).
0
Let x = 603 + -605. Let q(z) = 4*z**2 - 3*z - 1. Determine q(x).
21
Suppose 5*i - 9 - 1 = 0. Let k(t) = -2*t + i*t - t - 7. Let c = 13 + -17. Give k(c).
-3
Suppose -4*k = -2*k - 6. Suppose -5*x + 3 = -y + 2, y - k = x. Suppose -3*l = -2*i - 4, -3*l - i - i - y = 0. Let c(z) = z**2 - 5. Give c(l).
-5
Let p(t) be the third derivative of 5*t**4/24 - 25*t**3/3 - 406*t**2. What is p(10)?
0
Let t(x) be the third derivative of -x**6/180 + x**5/60 - x**4/12 + 10*x**3/3 + 21*x**2. Let g(q) be the first derivative of t(q). Calculate g(3).
-14
Let y = 22 - -21. Let i = y - 39. Let j(d) = -5*d + 4. What is j(i)?
-16
Suppose -22 = 5*u - 2. Let y = 2 - u. Let s(m) = -2*m**3 + 5*m**2 - 23*m - 2. Let t(q) = -q**3 + 3*q**2 - 11*q - 1. Let l(j) = -4*s(j) + 9*t(j). Determine l(y).
-7
Let x(k) = k**2 + 3*k + 12. Let t be x(-3). Suppose 0 = 2*o + g - 31, g + 100 = 5*o - g. Let u(n) = -o*n + t*n**2 + 18*n. Give u(-1).
12
Let p(b) be the first derivative of 2*b**3/3 - 3*b + 2. Let l be 5/1 - (-43 - -51). Calculate p(l).
15
Suppose -3*y - 1 - 8 = b, 4 = 4*b + 2*y. Let r(k) be the second derivative of k**4/12 - k**3/6 - 3*k**2/2 + 22*k. Determine r(b).
3
Let j = -20 - -14. Let b(k) = 12*k**2 + 6*k - 5. Let s be ((-5)/(-10))/(4/(-120)*-3). Let o(u) = 12*u**2 + 5*u - 4. Let t(r) = j*o(r) + s*b(r). What is t(1)?
-13
Let j(w) = 14*w**3 - 2*w + 0*w + 6 - 7. Suppose 0 = v - 2*v - 1. Calculate j(v).
-13
Let x(q) be the second derivative of q**5/12 - q**4/24 - q**3/6 - q. Let l(s) be the second derivative of x(s). Let k be ((-4)/(-20))/(5/(-25)). What is l(k)?
-11
Let z(b) = -4*b**2 + b - 4. Let f be z(2). Let p = -15 - f. Suppose -5*k - 4*i - 38 = -0*k, 12 = -k - p*i. Let y(t) = -t**2 - 4*t + 2. Determine y(k).
-10
Let h(x) = 3*x + 24. L